e 7, what is 1436 - -526?
2265
In base 7, what is 1065 + 522?
1620
In base 7, what is -214 - 10321?
-10535
In base 3, what is 1 - -210111202?
210111210
In base 13, what is 4 + -23960?
-23959
In base 12, what is 2a72 + 904?
3776
In base 10, what is -6 - 5783?
-5789
In base 12, what is 62570 + 3?
62573
In base 14, what is -13c1 + 0?
-13c1
In base 12, what is 2704 + -5?
26bb
In base 3, what is -20012 + 2202120?
2112101
In base 8, what is 1 + -310310?
-310307
In base 7, what is 6 - 16006?
-16000
In base 10, what is 40008 + 1?
40009
In base 8, what is -265 + 554?
267
In base 15, what is -a - 2a42?
-2a4c
In base 11, what is 110 - -1542?
1652
In base 6, what is 10224 - 0?
10224
In base 3, what is 1 - 1221002102?
-1221002101
In base 7, what is -152 + 330?
145
In base 8, what is 110 - 110435?
-110325
In base 6, what is -14302 - 1?
-14303
In base 9, what is 8383 + 3?
8386
In base 14, what is 6 - -66d3?
66d9
In base 9, what is 63 + 4303?
4366
In base 13, what is 3 + 27b300?
27b303
In base 9, what is 1 - 100203?
-100202
In base 8, what is 1367 - -3103?
4472
In base 4, what is 2022303 - 0?
2022303
In base 13, what is -5 + 73399?
73394
In base 11, what is 67 - -8248?
8304
In base 6, what is 354 - 1110?
-312
In base 4, what is 11131 + -2020?
3111
In base 4, what is 31112022123 + -3?
31112022120
In base 2, what is 1 + 101100100101?
101100100110
In base 6, what is -34 + -5042?
-5120
In base 16, what is 3c - ea?
-ae
In base 2, what is 10000100000101 + -1000?
10000011111101
In base 13, what is 203a0 - -3?
203a3
In base 2, what is -100111101100000 - -1?
-100111101011111
In base 16, what is 4f - b5?
-66
In base 5, what is -101 - -104?
3
In base 2, what is -10010100001 + 10111?
-10010001010
In base 6, what is -2 - 4510334?
-4510340
In base 9, what is -4481 - -3?
-4477
In base 16, what is -33 - f63?
-f96
In base 14, what is -18b5 - -c?
-18a7
In base 4, what is -31312 - 0?
-31312
In base 5, what is -14 + 11233?
11214
In base 16, what is -72a - -1172?
a48
In base 9, what is 3 - 226052?
-226048
In base 9, what is 1582 - -142?
1734
In base 5, what is -3 - -4133411?
4133403
In base 13, what is 31387 + -4?
31383
In base 11, what is -10 - a182?
-a192
In base 10, what is 6 + 104531?
104537
In base 14, what is -1 + b8c67?
b8c66
In base 10, what is -4 - -482346?
482342
In base 15, what is -5 + -142ab?
-142b1
In base 16, what is -16ee + -116?
-1804
In base 15, what is 9 - 20e9?
-20e0
In base 12, what is -53b + 27?
-514
In base 7, what is -40326 + 146?
-40150
In base 8, what is -2 - -1630134?
1630132
In base 12, what is 23 + -61a?
-5b7
In base 3, what is 22120221102 + -12?
22120221020
In base 8, what is -11634 + 4?
-11630
In base 11, what is -1699 - 208?
-18a6
In base 13, what is 3c2 - b?
3b4
In base 7, what is -2221 - 634?
-3155
In base 6, what is -5033253 - 11?
-5033304
In base 8, what is 10645 - -206?
11053
In base 10, what is 38934 + 2?
38936
In base 14, what is -3 + -9c94?
-9c97
In base 7, what is 20 + -246?
-226
In base 7, what is -16 + -630?
-646
In base 13, what is 746 + 230?
976
In base 2, what is -100101 + 110101100110000?
110101100001011
In base 14, what is 286 - -860?
b06
In base 16, what is -1 + 24bfc?
24bfb
In base 7, what is 5 + 161321?
161326
In base 7, what is 130403 - -5?
130411
In base 15, what is -3 + 48dea?
48de7
In base 9, what is 880 - 0?
880
In base 5, what is -1042 - 2433?
-4030
In base 8, what is 156 - 16603?
-16425
In base 2, what is -101111 - 11000010111001?
-11000011101000
In base 12, what is -35 + -b54?
-b89
In base 10, what is 72 - -1135?
1207
In base 3, what is -2220 + 20021?
10101
In base 13, what is 3621 - -1?
3622
In base 7, what is 164360 + 124?
164514
In base 12, what is 7407 - -16?
7421
In base 5, what is 2244 - 40042?
-32243
In base 8, what is 547 + -13576?
-13027
In base 16, what is -29c + 5e?
-23e
In base 12, what is 7569 + 35?
75a2
In base 2, what is 10010010100110 + 11?
10010010101001
In base 6, what is 2135 + 12421?
15000
In base 16, what is -87 + -a64?
-aeb
In base 9, what is 1 - 667?
-666
In base 11, what is -122 - -861?
73a
In base 7, what is 251 - -1036?
1320
In base 2, what is 1001001 + 100111000001?
101000001010
In base 3, what is -10 - 1201002120?
-1201002200
In base 13, what is 5c8 - 2c7?
301
In base 6, what is 30 - -120533?
121003
In base 9, what is 51620 - -24?
51644
In base 11, what is -8 + -11766?
-11773
In base 14, what is -54da + 8?
-54d2
In base 2, what is -100101010000 - 10101101110?
-111010111110
In base 15, what is 3 - -341b?
341e
In base 11, what is 26a + 404a?
4309
In base 11, what is -8 + -1403?
-1410
In base 8, what is 0 + -3266?
-3266
In base 14, what is 1d + 5dc8?
6007
In base 6, what is 104021 - 22?
103555
In base 10, what is 42818 - 4?
42814
In base 14, what is 1b3 - 84?
12d
In base 14, what is -194a + -5?
-1951
In base 15, what is 2 + 3b69?
3b6b
In base 15, what is -4 + -95d2?
-95d6
In base 9, what is -32 - -74223?
74181
In base 14, what is -162b - -a3?
-1568
In base 4, what is 2332 - 10003?
-1011
In base 9, what is -5 + -207024?
-207030
In base 7, what is -1323235 - -2?
-1323233
In base 6, what is -245 - 1441?
-2130
In base 14, what is -117 + 649a?
6383
In base 8, what is 11473 + 332?
12025
In base 5, what is 10 - -21443041?
21443101
In base 8, what is -67463 - -236?
-67225
In base 9, what is -776 + -287?
-1174
In base 2, what is 110000100111100100 - 1010?
110000100111011010
In base 14, what is 58 + -1528?
-14b0
In base 16, what is -4 - 60282?
-60286
In base 5, what is 1424 + -23342?
-21413
In base 12, what is -4 + -4a59?
-4a61
In base 8, what is 207463 + -4?
207457
In base 12, what is -23b + 1083?
a44
In base 6, what is -11203 - 23?
-11230
In base 6, what is -22231013 + -3?
-22231020
In base 14, what is 3 - -5a21d?
5a222
In base 8, what is 170771 + 17?
171010
In base 8, what is -107151 - -70?
-107061
In base 12, what is -273036 - 0?
-273036
In base 4, what is 21 - -323010?
323031
In base 12, what is 0 - 7095?
-7095
In base 2, what is 10111010100110 - -1101?
10111010110011
In base 14, what is 487d + 9?
4888
In base 12, what is 5 - -2913?
2918
In base 15, what is -83ad + -1?
-83ae
In base 15, what is -2 + -57073?
-57075
In base 4, what is 20303 - -3331?
30300
In base 6, what is -100 - 312421?
-312521
In base 9, what is -5528 - 3?
-5532
In base 15, what is 1ed1 - -6?
1ed7
In base 16, what is -2e9a - -4?
-2e96
In base 13, what is -712 - 119b?
-18b0
In base 11, what is -10 - -5790?
5780
In base 7, what is 1 + 432456?
432460
In base 2, what is 1001101000010111 + 101?
1001101000011100
In base 3, what is 20 - 2222120211?
-2222120121
In base 15, what is -16a + 2680?
2515
In base 13, what is -11c40 + 45?
-11bc8
In base 6, what is -5 - 2523120?
-2523125
In base 3, what is 10 + -10121102010?
-10121102000
In base 16, what is -5 - 719f?
-71a4
In base 7, what is -1144120 + -3?
-1144123
In base 8, what is 11120 - 115?
11003
In base 8, what is -5 + -61351?
-61356
In base 3, what is -1011 + -2001210?
-2002221
In base 16, what is 284 + 23?
2a7
In base 6, what is -20 - 5124?
-5144
In base 12, what is -5 + -217a43?
-217a48
In base 3, what is 10021 - 100111010?
-100100212
In base 2, what is 101 + 1001010011?
1001011000
In base 16, what is -3503 + d?
-34f6
In base 2, what is 10001 + -101111000110010?
-101111000100001
In base 11, what is 36 - 129?
-a3
In base 11, what is 1 + 462?
463
In base 5, what is -1340320 - -3?
-1340312
In base 3, what is -120 + -10211021?
-10211211
In base 14, what is d507 - -5?
d50c
In base 9, what is -5 + 3732?
3726
In base 10, what is -151203 + -18?
-151221
In base 3, what is 12 - 12222221000?
-12222220211
In base 11, what is -8 - -71445?
71438
In base 5, what is -143320 - -30?
-143240
In base 6, what is -25 - 34451?
-34520
In base 11, what is a7038 + 0?
a7038
In base 10, what is -92 - 10332?
-10424
In base 16, what is 4 + -508b?
-5087
In base 7, what is -110 - 21434?
-21544
In base 11, what is 0 - -21a58?
21a58
In base 8, what is -34646 - -45?
-34601
In base 4, what is 212 + 101100?
101312
In base 4, what is -10 + -11223100?
-11223110
In base 16, what is -106 - 51?
-157
In base 8, what is 5 - 353214?
-353207
In base 6, what is -340 - -123005?
122225
In base 12, what is 5 - -7a9?
7b2
In base 3, what is 1112 + 1021122?
1100011
In base 10, what is -25279 - 1?
-25280
In base 12, what is 4ba3 - 4?
4b9b